{"id":570,"date":"2022-04-14T19:10:51","date_gmt":"2022-04-14T19:10:51","guid":{"rendered":"https:\/\/www.hurtowniakornik.pl\/?page_id=570"},"modified":"2025-04-28T13:22:29","modified_gmt":"2025-04-28T13:22:29","slug":"strona-glowna","status":"publish","type":"page","link":"https:\/\/www.hurtowniakornik.pl\/","title":{"rendered":"Strona g\u0142\u00f3wna"},"content":{"rendered":"<p><img fetchpriority=\"high\" decoding=\"async\" src=\"https:\/\/www.hurtowniakornik.pl\/wp-content\/uploads\/2022\/04\/tliooo-1-2048x1066.jpg\" sizes=\"(max-width: 732px) 100vw, 732px\" srcset=\"https:\/\/www.hurtowniakornik.pl\/wp-content\/uploads\/2022\/04\/tliooo-1-2048x1066.jpg 2048w, https:\/\/www.hurtowniakornik.pl\/wp-content\/uploads\/2022\/04\/tliooo-1-300x156.jpg 300w, https:\/\/www.hurtowniakornik.pl\/wp-content\/uploads\/2022\/04\/tliooo-1-768x400.jpg 768w, https:\/\/www.hurtowniakornik.pl\/wp-content\/uploads\/2022\/04\/tliooo-1-1536x799.jpg 1536w\" alt=\"\" width=\"732\" height=\"381\" \/><\/p>\n<h2>Aktualno\u015bci<\/h2>\n<p><big>Hurtownia Kornik oferuje now\u0105 jako\u015b\u0107 oklejania p\u0142yt obrze\u017cem PCV.\u00a0 <\/big><big>Oklejanie klejem PUR (poliuretanowym) to:<br \/>\n<i><\/i><\/big><\/p>\n<ul>\n<li>wodoodporna spoina klejowa<\/li>\n<li>odporno\u015b\u0107 na wysokie i niskie temperatury<\/li>\n<li>wytrzyma\u0142o\u015b\u0107 na dzia\u0142anie wody i wilgoci<\/li>\n<li>zminimalizowana grubo\u015b\u0107 spoiny<\/li>\n<li>wysoka wytrzyma\u0142o\u015b\u0107 mechaniczna<\/li>\n<\/ul>\n<p><center>P\u0142yty OSB dla sta\u0142ych i hurtowych odbiorc\u00f3w w specjalnych cenach.<br \/>\nZapraszamy do wsp\u00f3\u0142pracy!!!<\/center><a href=\"https:\/\/www.hurtowniakornik.pl\/?page_id=708\"><br \/>\n<img decoding=\"async\" src=\"https:\/\/www.hurtowniakornik.pl\/wp-content\/uploads\/2022\/05\/PLYTY-OSB-W-ATRAKCYJNYCH-CENACH.png\" sizes=\"(max-width: 665px) 100vw, 665px\" srcset=\"https:\/\/www.hurtowniakornik.pl\/wp-content\/uploads\/2022\/05\/PLYTY-OSB-W-ATRAKCYJNYCH-CENACH.png 665w, https:\/\/www.hurtowniakornik.pl\/wp-content\/uploads\/2022\/05\/PLYTY-OSB-W-ATRAKCYJNYCH-CENACH-300x300.png 300w, https:\/\/www.hurtowniakornik.pl\/wp-content\/uploads\/2022\/05\/PLYTY-OSB-W-ATRAKCYJNYCH-CENACH-150x150.png 150w\" alt=\"\" width=\"665\" height=\"665\" \/> <\/a><\/p>\n","protected":false},"excerpt":{"rendered":"<p>Aktualno\u015bci Hurtownia Kornik oferuje now\u0105 jako\u015b\u0107 oklejania p\u0142yt obrze\u017cem PCV.\u00a0 Oklejanie klejem PUR (poliuretanowym) to: wodoodporna spoina klejowa odporno\u015b\u0107 na wysokie i niskie temperatury wytrzyma\u0142o\u015b\u0107 na dzia\u0142anie wody i wilgoci zminimalizowana grubo\u015b\u0107 spoiny wysoka wytrzyma\u0142o\u015b\u0107 mechaniczna P\u0142yty OSB dla sta\u0142ych i hurtowych odbiorc\u00f3w w specjalnych cenach. Zapraszamy do wsp\u00f3\u0142pracy!!!<\/p>\n","protected":false},"author":2,"featured_media":0,"parent":0,"menu_order":0,"comment_status":"closed","ping_status":"closed","template":"","meta":{"footnotes":""},"class_list":["post-570","page","type-page","status-publish","hentry"],"_links":{"self":[{"href":"https:\/\/www.hurtowniakornik.pl\/index.php?rest_route=\/wp\/v2\/pages\/570","targetHints":{"allow":["GET"]}}],"collection":[{"href":"https:\/\/www.hurtowniakornik.pl\/index.php?rest_route=\/wp\/v2\/pages"}],"about":[{"href":"https:\/\/www.hurtowniakornik.pl\/index.php?rest_route=\/wp\/v2\/types\/page"}],"author":[{"embeddable":true,"href":"https:\/\/www.hurtowniakornik.pl\/index.php?rest_route=\/wp\/v2\/users\/2"}],"replies":[{"embeddable":true,"href":"https:\/\/www.hurtowniakornik.pl\/index.php?rest_route=%2Fwp%2Fv2%2Fcomments&post=570"}],"version-history":[{"count":122,"href":"https:\/\/www.hurtowniakornik.pl\/index.php?rest_route=\/wp\/v2\/pages\/570\/revisions"}],"predecessor-version":[{"id":935,"href":"https:\/\/www.hurtowniakornik.pl\/index.php?rest_route=\/wp\/v2\/pages\/570\/revisions\/935"}],"wp:attachment":[{"href":"https:\/\/www.hurtowniakornik.pl\/index.php?rest_route=%2Fwp%2Fv2%2Fmedia&parent=570"}],"curies":[{"name":"wp","href":"https:\/\/api.w.org\/{rel}","templated":true}]}}